?
-8
3 + -22 + 34 - 23
-8
-5 + 15 + 0 + -12
-2
Evaluate 0 + -4 + 7 + (-2 - -3) - -8.
12
Calculate (-10 - 1) + (10 - (10 + (5 - 12))).
-4
18 + -19 + (54 - 42)
11
(-3 - (19 + -10)) + 3 - (2 + -4)
-7
What is the value of -14 + (1 - (-16 - 5))?
8
What is the value of (3 - 2 - (-11 + 0)) + (-284 - -288)?
16
Calculate (7 - -5) + (2 - 4).
10
Evaluate (2 - 4 - 2) + -7 + (-8 - -9).
-10
What is -19 + -22 - -14 - -58?
31
-1 + -8 - (20 + -41 + (5 - 14))
21
What is the value of -2 - (-6 + 7 + -9 + -1)?
7
What is the value of (10 - 1) + (-17 - 2) + -3?
-13
What is (5 - (1 - 6 - -6)) + 5 + -7?
2
What is -36 + 3 + 1 + 20?
-12
76 - 64 - (-1 - -2) - (3 - 2)
10
0 - (-1 - 9) - 18
-8
What is (-2 - -11) + (-5 - (-1 - 6))?
11
What is (3 + 1 + -2 - 8) + 39?
33
Calculate -1 + 7 + -19 + 7 + (0 - 0).
-6
Evaluate 5 - (-5 + 7) - -26 - 8.
21
Calculate -53 + 59 - (7 - ((-4 - 2) + 3)).
-4
Calculate 10 + -3 - 4 - 19.
-16
What is -8 + (15 - -2) - -3?
12
Calculate 5 - (2 + -1 - 0) - (-8 - -4).
8
(2 - (5 - 5) - -13) + (0 - 0)
15
What is the value of (13 - 4 - 2) + 0 + -1 + 2?
8
Evaluate -1 - -13 - (12 + 41 - 52).
11
What is -33 + 5 + 19 + -8?
-17
(-6 - ((-1 - 3) + 3)) + -8 + -1
-14
-12 + -2 + 3 + -309 + 294
-26
Evaluate 25 + -19 + -4 + -3.
-1
Evaluate 5 - ((7 - 10) + -7 - -6) - 20.
-11
What is -35 + (-8 - (-26 - -4)) + (-5 - -1)?
-25
Evaluate -2 + (19 - 7 - 8 - (-7 + 1)).
8
Calculate -4 - (-17 - -15 - 0) - (2 + 27).
-31
Calculate (1 - (-5 + 2 + 3)) + (21 - 35).
-13
Evaluate (10 - (-15 + 36)) + -29 + 12.
-28
What is 17 - (3 - 8) - 12 - 4?
6
Calculate -12 + 3 + 8 + -5.
-6
Evaluate -104 + 106 - (0 - 26) - 10.
18
Calculate (-1 - -3) + (-1 - -4) + -7 + 6.
4
Calculate 1 + 5 + -17 + (9 - 2).
-4
What is the value of -12 - (7 + 3 + 15 + -1) - -10?
-26
-33 - (-16 - 4) - -28
15
What is -3 + -2 - ((15 - 6) + -11)?
-3
353 + -342 + (-1 - 3) + 8
15
What is -13 + 26 - 29 - -5?
-11
Calculate -19 + 32 + 9 + -19.
3
What is the value of (-90 - -62) + 19 + (-1 - 12)?
-22
-17 + 11 - (-9 - -2)
1
What is 2 + (-11 - -11) - -8?
10
-4 - 2 - 0 - (3 + -15 + 6)
0
What is the value of (-29 - -7) + (-5 - (-10 - -2) - -9)?
-10
Calculate (-7 - (-14 + 9)) + -2.
-4
Evaluate 667 + -669 + (-2 - 1).
-5
-95 - -112 - (13 + -1)
5
What is -28 + -2 + 15 + -16 + (-17 - -24)?
-24
5 - (-4 + 31 + 0)
-22
(-6 - ((-4 - -9) + -7)) + (5 - 7)
-6
What is 1 - (2 - (7 - -5 - 4 - -1))?
8
Evaluate (35 - 15) + (-2 + 3 + -2 - 5).
14
-1 - (-2 + -1 + -11 - -4)
9
What is -4 + (8 + -13 - (-4 - 0)) + -6?
-11
Calculate 115 - 129 - (3 - 35) - 8.
10
What is the value of -49 - (24 - (-48 - -80))?
-41
(-16 - -7) + 9 + 9 - 7
2
-4 + 1 + (-2 - -7) + -14
-12
What is the value of 163 - 152 - (9 + 1 + -2)?
3
What is the value of 1 + -1 + 7 + 667 + -677?
-3
13 + -1 + 0 + (-630 - -630) - 4
8
What is 5 + -11 + -5 + 11?
0
What is the value of 32 + -46 + 21 - -9?
16
-6 + 7 + -4 + -1 + 6 + -13
-11
What is the value of -3 + (2 - (-4 - 2) - 10) + -12?
-17
Calculate (-6 - -10) + -1 - (47 - 51).
7
Calculate (48 - 41) + -3 + 4 + 5.
13
What is (-22 - 4 - -2) + (-59 - -66)?
-17
Evaluate 5 + ((2 - (-4 - -2)) + -6 - -1).
4
What is the value of 1 - -1 - -13 - (11 + (0 - 8))?
12
Evaluate 10 + -3 + (-3 + 10 + 2 - 2).
14
What is -3 - (14 + (4 - 5) - 36)?
20
What is the value of (6 - 0 - 3 - 9) + -7 + 2?
-11
What is the value of (28 - 6 - -3) + -48?
-23
Calculate (-1 - -5) + -20 + (-17 - -7) + 13.
-13
(2 + -2 - -5) + -1 - (-79 + 79)
4
-259 + 256 + 1 + 15
13
Evaluate 23 + -2 + -25 + 26.
22
What is 1 - 0 - 10 - (-1587 - -1598)?
-20
Evaluate 12 + -86 + 95 + 2 + (-11 - -2).
14
Calculate -636 + 622 + 2 + 46.
34
Evaluate 36 + -5 + 12 + (-1 + -1 - 5).
36
(20 - 4) + 2 - 1
17
What is the value of (7 - 19) + 21 + -10?
-1
What is (12 - 4) + 15 - (1 - (2 - 2))?
22
What is the value of 20 + 11 + -18 + 5 - -1?
19
Evaluate -4 + (6 - 7) + -8.
-13
What is the value of (-12 - -44) + (-25 - -13) + 1?
21
736 + -721 + -32 + -1
-18
What is the value of (33 - 68) + (18 - -6)?
-11
What is the value of -145 + 134 + -3 + 24?
10
What is -10 + -1 + 22 + (-139 - -131)?
3
What is 12 + (-4 - -10) + -19?
-1
Calculate -13 - (-14 + (32 - 14) + 7).
-24
Calculate -6 + 13 + -18 + 25 + -18.
-4
What is (-66 - -55 - (-31 + 4)) + 17?
33
What is (-1 - 5) + 3 + (15 - 19 - -25)?
18
What is the value of 3 + -3 + (-17 + -4 - (11 - 16))?
-16
What is the value of (9 - (21 - -1)) + (1 - 1)?
-13
(36 - -4) + (242 - 308)
-26
What is the value of -21 + -27 + (41 - 8)?
-15
What is -30 + 2 + (-8 - -32)?
-4
Evaluate 76 - 73 - (-7 + -1) - 13.
-2
Evaluate -4 + 9 - (89 - 67).
-17
What is (1 - -3) + -40 + (-28 - -35)?
-29
Evaluate 29 - 18 - 18 - -21.
14
What is the value of -14 + 44 + -17 + 10?
23
What is the value of (3 - (3 + 7) - -1 - -11) + -15?
-10
What is the value of -4 + (-7 - -1 - (1 + -15 + 3))?
1
What is the value of 11 - ((-16 - 5) + 50)?
-18
What is the value of -8 + -1 + 3 - -11 - -2?
7
Evaluate (11 + -5 - -6 - -4) + -4.
12
What is the value of (-3 - -1) + 51 + -22?
27
What is the value of 0 + (13 - 14) - (3 + -13 + 4)?
5
What is the value of (-6 - (8 - 7)) + (13 - 0) + -20?
-14
Calculate (-1 - 10) + -516 + 530.
3
Evaluate 4 + -6 + 1 + 19.
18
-9 - (-24 + 8 + 32)
-25
Calculate 1 + (-4 - 8 - 4) - (-2 + 2).
-15
Evaluate -2 + 6 + -1 + -9 + 5 - -6.
5
Evaluate -15 - -18 - 7 - -6.
2
What is 31 - 30 - (-2 + 5 + -8)?
6
Calculate (8 - (-6 - 1 - -9)) + 4.
10
Calculate -14 - -12 - -3 - 3.
-2
Calculate 15 - 23 - ((0 - 0) + (-42 - -38)).
-4
What is -14 + 21 + 8 + (1 - -3)?
19
What is (-11 - ((17 - 9) + -17)) + -4?
-6
What is 2 + -8 + (8 - -8) - 1?
9
What is the value of 8 - (-12 - -22) - (-4 + (2 - 4))?
4
What is the value of -739 - -698 - (3 - 53)?
9
Calculate -20 - -10 - (25 + -5 + (-1 - 2)).
-27
What is the value of 1 + -1 + 21 + 8 + -1 + -4?
24
(-60 - -47) + (5 - (-4 + 2)) + 10
4
What is (-5 - -2) + -7 + 4 + 8 + 1?
3
What is -4 + 1 + 15 - (-235 - -240)?
7
Evaluate (-36 - -35 - 10) + 18.
7
Calculate -1 + 2 + 5 + (-455 - -445).
-4
Calculate -10 - 2 - -14 - (-1 + -8).
11
Calculate -33 + (-28 + 73 - 24).
-12
Calculate 3 + 0 - ((-7 - -9) + -2 + 11).
-8
Evaluate 52 + -50 + -4 + 3 + -1 + -18.
-18
What is (2 - 15 - -12 - 5) + 43?
37
-35 + 33 - (5 - (-4 - -4) - 0)
-7
Evaluate (51 - 52) + (0 + (-2 - -1) - 9).
-11
What is the value of -2 + (-7 + 4 - -4) + 4?
3
Evaluate 18 - (-3 + 40) - -19.
0
Evaluate -15 + -5 - -13 - -9.
2
What is the value of -2 - (-2 + 0 + (37 - 34))?
-3
What is 6 - (-12 - -3 - -4)?
11
What is 0 + 14 + (351 - 391)?
-26
-14 + 0 - (890 + -907)
3
What is the value of 1 - 4 - ((3 - -17) + -19)?
-4
What is -3 + (0 - -7) + (-16 - 0)?
-12
48 + -20 + (-41 + 34 - (0 - -2))
19
Evaluate 11 + -3 + -7 + -16.
-15
1 + 1 - ((10 - 5) + (-5 - 5))
7
18 + -1 + -46 + 48 + -8
11
Calculate 16 + (10 - (2 + 18)).
6
-14 - (7 + -2 + 0 + (-1 - 6))
-12
Calculate -45 + 42 + (5 - 2) + 5.
5
Calculate (-12 - 13) + 0 + 16.
-9
-20 - 25 - -11 - -48
14
(3 - -6 - 2) + -8 - (49 + -30)
-20
Evaluate -3 - (-4 - (-8 - -11)).
4
What is the value of 14 - (-5 + -2 + 2 + 12)?
7
Evaluate -278 - -221 - (1 - 38).
-20
-2 + -16 - -2 - (7 - (22 - 14))
-15
What is 2 - (2 + -6 + 9)?
-3
What is (16 - (23 - 18)) + -4?
7
(-21 - -14 - -18) + -15
-4
Evaluate -8 - ((-3 - 3 - -6) + 0 + 4).
-12
What is the value of -38 - (-22 - -1) - -11?
-6
What is 0 + 2 + -1 + -115 + 21 + 69?
-24
(12 - 1) + (-9 - (15 + -39))
26
Evaluate (-1 - 0) + -127 + 129 + (2 - -4).
7
-3 - (-1 + (-1 - (5 - (5 + 0))))
-1
Calculate -8 - (-9 - -2 - (-29 - -24)).
-6
What is 4 + 3 + (-2 - (-7 - -13)) + 3?
2
What is the value of 0 - (-6 + 0 + -5) - (-7 - -50)?
-32
Calculate (18 - (-1 - -4)) + 1 + -5.
11
What is the value of 0 + -1 + (-17 + 0 - (-417 + 377))?
22
Evaluate (-5 - -5) + 2 + 6 - (-105 + 139).
-26
Evaluate 1 + (-26 - (3 - 12) - -7).
-9
Calculate 20 - (-6 - -1 - -7).
18
Calculate (43 - 7 - (1 - -17)) + (0 - 2).
16
Evaluate -13 - ((1 + -4 - (-19 - -19)) + -3).
-7
What is the value of 2 - 29 - -17 - (-39 + 1 + 1)?
27
Evaluate (29 - 27) + (-1 - (1 + 2) - 2).
-4
Evaluate 3 - (12 + 1 - (-34 + 40)).
-4
What is the value of ((6 - 10) + -4 - -7 - 7) + 20?
12
What is (1 + -2 - 3 - (5 + -10)) + -1?
0
What is the value of (-2 - 1) + (0 - 2) + -2?
-7
What is 1 + 5 + -12 - (-4 - 13)?
11
1 + 7 + (-21 - (-44 + 19)) + 13
25
What is the value of (-1 - 1) + 16 + 9 + (-44 - -16)?
-5
Evaluate -5 - -35 - (-61 + 60).
31
-6